{"id":8,"date":"2016-12-28T05:53:52","date_gmt":"2016-12-28T05:53:52","guid":{"rendered":"https:\/\/raratheme.com\/preview\/construction-landing-page\/?page_id=8"},"modified":"2020-12-20T00:24:11","modified_gmt":"2020-12-20T00:24:11","slug":"home","status":"publish","type":"page","link":"https:\/\/rokaconstrucciones.cl\/","title":{"rendered":"Contrata un servicio confiable para construir la casa de tus sue\u00f1os"},"content":{"rendered":"<p>Tenemos m\u00e1s de 20 a\u00f1os de experiencia en remodelaciones, estructuras met\u00e1licas y construcci\u00f3n en general<\/p>\n","protected":false},"excerpt":{"rendered":"<p>Tenemos m\u00e1s de 20 a\u00f1os de experiencia en remodelaciones, estructuras met\u00e1licas y construcci\u00f3n en general<\/p>\n","protected":false},"author":1,"featured_media":222,"parent":0,"menu_order":0,"comment_status":"closed","ping_status":"closed","template":"template-home.php","meta":[],"_links":{"self":[{"href":"https:\/\/rokaconstrucciones.cl\/index.php?rest_route=\/wp\/v2\/pages\/8"}],"collection":[{"href":"https:\/\/rokaconstrucciones.cl\/index.php?rest_route=\/wp\/v2\/pages"}],"about":[{"href":"https:\/\/rokaconstrucciones.cl\/index.php?rest_route=\/wp\/v2\/types\/page"}],"author":[{"embeddable":true,"href":"https:\/\/rokaconstrucciones.cl\/index.php?rest_route=\/wp\/v2\/users\/1"}],"replies":[{"embeddable":true,"href":"https:\/\/rokaconstrucciones.cl\/index.php?rest_route=%2Fwp%2Fv2%2Fcomments&post=8"}],"version-history":[{"count":1,"href":"https:\/\/rokaconstrucciones.cl\/index.php?rest_route=\/wp\/v2\/pages\/8\/revisions"}],"predecessor-version":[{"id":394,"href":"https:\/\/rokaconstrucciones.cl\/index.php?rest_route=\/wp\/v2\/pages\/8\/revisions\/394"}],"wp:featuredmedia":[{"embeddable":true,"href":"https:\/\/rokaconstrucciones.cl\/index.php?rest_route=\/wp\/v2\/media\/222"}],"wp:attachment":[{"href":"https:\/\/rokaconstrucciones.cl\/index.php?rest_route=%2Fwp%2Fv2%2Fmedia&parent=8"}],"curies":[{"name":"wp","href":"https:\/\/api.w.org\/{rel}","templated":true}]}}